 is the highest common divisor of 20 and y?
20
Let u be 1*45 + (-11 - -11). Calculate the highest common divisor of u and 495.
45
Suppose 60 = 8*p + 4*p. Suppose 0 = x + x - y - 445, y = p*x - 1105. What is the highest common factor of x and 88?
44
Let u(d) = -d**3 - 16*d**2 + 57*d + 20. Let o be u(-19). What is the greatest common divisor of 2 and o?
2
Let z(a) = 22*a**2 + 4*a + 6. Let p be z(-1). Calculate the greatest common factor of p and 156.
12
Let s = -1859 - -2013. What is the highest common factor of s and 14?
14
Let p = 15 - 14. Let t be (p - (-3 - -1)) + -1. Suppose 0 = 5*c + 1 + 24, -5 = -i - c. What is the greatest common factor of i and t?
2
Let k = -27 - -51. Suppose -4*v - 2*g + 6 = 0, 2*v + 6 = 3*g - 7*g. What is the greatest common divisor of k and v?
3
Let f = 7 + 10. Suppose 3*r - 2*j - f = 0, 0 = r + 4*j - j + 9. Suppose -r*o = -3*g - 39, -4*o + 3*g + 2*g = -57. What is the highest common divisor of 1 and o?
1
Let q be (1*(-4)/(-4))/((-16)/(-288)). What is the greatest common divisor of q and 24?
6
Suppose 0 = 132*i - 162*i + 20670. What is the greatest common divisor of 26 and i?
13
Let p(t) = -78*t - 22. Let r be p(-1). What is the greatest common factor of r and 1512?
56
Suppose 3*t = 0, -3*q - 2*q = -5*t - 295. Let m = q + -33. Calculate the highest common factor of m and 104.
26
Suppose 0 = -5*t + f + 16582, -15*f = 2*t - 10*f - 6649. Calculate the greatest common factor of t and 107.
107
Suppose -2*p - 168 = -30. Let s = -66 - p. Let m = 2 - -1. Calculate the highest common factor of m and s.
3
Suppose -n - 5*w = -0*w - 57, 9 = -3*w. What is the highest common factor of n and 64?
8
Suppose -28*a + 22*a + 60 = 0. Calculate the greatest common divisor of 290 and a.
10
Suppose -5*h - 10 = 0, 56*h = 2*z + 60*h - 118. What is the greatest common factor of z and 1008?
63
Suppose -l + 5*p + 4 = -3*l, -2*p - 1 = l. Suppose 3*g + 5*g - 24 = 0. What is the greatest common divisor of l and g?
3
Let z be 1 + -1 + -136 - 2. Let q = -114 - z. What is the highest common factor of q and 84?
12
Suppose 5*s - m = 14, -2*s - 2*m + 5 = -s. Let p be s*((3 - 0) + -2). Let f(i) = -i**2 + 3*i + 2. Let o be f(p). What is the greatest common factor of 5 and o?
1
Let f(i) = -9 + 6*i - 5*i + 4*i. Let a be f(3). Suppose 2*w - 3*r = 156, w - a*w = r - 356. What is the highest common divisor of 8 and w?
8
Let p = 29 + -15. Let v be 13/(-91) + 30/p. Let g be 2/8*-2*-10. Calculate the greatest common divisor of v and g.
1
Let l be 95/3 + 2/6. Let n be (7*48)/6 + -8. What is the highest common factor of l and n?
16
Let v = 250 - 177. Suppose 3*i - 3*l + 7 = 76, -3*i = l - v. What is the greatest common divisor of 8 and i?
8
Let s(d) = -d**3 + 5*d**2 - 6*d + 1. Let m be s(4). Let n = m - -18. Suppose 4*r - 1 = n. What is the highest common factor of r and 12?
3
Suppose 2*o + 3*u - 4*u - 79 = 0, -5*o = 4*u - 204. Let c = 184 + -179. Calculate the greatest common factor of o and c.
5
Suppose -4*d = -3*d - 11. Let z = d - 3. Let s(a) = -a**3 - 5*a**2 + 5*a - 2. Let m be s(-6). What is the greatest common factor of z and m?
4
Suppose 3*y = 2*v - 4*v, 2*v = 4*y. Suppose s - 7 + 4 = v. Suppose 3 = 3*i - s, -5*m + 5*i + 95 = 0. What is the greatest common factor of 14 and m?
7
Suppose a = -0 + 3. Let d(j) = -5*j - 3. Let i be d(a). Let u be (-12)/(-54) + (-536)/i. Calculate the greatest common factor of u and 75.
15
Let m(x) = 2*x - 2. Let w be m(2). Let l(v) = -10*v + 33. Let q be l(3). Calculate the greatest common factor of q and w.
1
Suppose 5*s - 4 = 1, -83 = f + 2*s. Let x = f + 99. What is the highest common factor of x and 154?
14
Suppose 4*g - r = 561, -3*g + 421 = -8*r + 7*r. Calculate the greatest common factor of g and 105.
35
Let a(f) = 9*f**3 - 4*f**2 + 4. Let r be a(2). What is the greatest common divisor of r and 20?
20
Let j = 33 - 6. What is the highest common factor of j and 243?
27
Suppose 17*k = 4256 + 6284. What is the highest common divisor of k and 20?
20
Let r be (-48)/(-10) + (-2)/(-10). Suppose -r*j + 2*j = -33. Let z = 24 + -13. Calculate the highest common factor of j and z.
11
Let c(i) = 3*i + 1. Let t be c(7). Suppose o + 66 = 3*o. What is the greatest common factor of o and t?
11
Suppose -2*n - 4*a = -522, -3*n + 2*a + 747 = -a. Let j = -603 + 614. Calculate the highest common divisor of j and n.
11
Let o = 80 + -47. Suppose 3*q + o = 2*t - 21, 16 = -4*q. What is the greatest common factor of t and 21?
21
Let p(c) = 3*c + 128. Let x be p(-6). Calculate the greatest common factor of x and 275.
55
Let s = -73 + 76. Let m be 888/15 - s - (-4)/(-20). What is the greatest common divisor of 14 and m?
14
Let s = 266 - 150. Let f = s + -65. Calculate the greatest common factor of 68 and f.
17
Let w be 1 + (2378/287 - 6/21). Let r = -17 - -98. Calculate the highest common divisor of w and r.
9
Let c(r) = r**3 + 5*r**2 + 4*r + 1. Let s be c(-3). Let t be 113 - 2/(-4)*-2. Suppose 2*q = -2*q + t. What is the highest common factor of s and q?
7
Let y = -17 - -49. Let r = 63 - y. Let z be (-2)/(-6) - 1113/(-9). What is the highest common divisor of r and z?
31
Suppose 4*n + r = 260, -5*n + 318 = -0*n + 3*r. Let i be 1 + -3 - (-23 + -1). Calculate the highest common factor of n and i.
22
Suppose -3*a = -176 - 55. Let s = -1098 + 1120. What is the greatest common factor of s and a?
11
Suppose 30*a - 881 - 1639 = 0. Calculate the highest common divisor of 63 and a.
21
Let g(a) = -a**3 + 3*a - 5. Let h be (-1 + (-5)/(-4))*20. Let p be g(h). Let i = -79 - p. Calculate the highest common factor of 4 and i.
4
Let j be ((-7)/28)/(2/(-16)). Let y be j + 1 + -4 + 11. Let o = 117 - 37. Calculate the greatest common divisor of o and y.
10
Let s = 20 + -29. Let q = 13 + s. Suppose r + r - 2*u = 4, -q*u = r - 12. What is the greatest common factor of 12 and r?
4
Suppose -16*y + 12*y - 260 = 0. Let u = y - -26. Let k = u - -49. What is the highest common divisor of k and 5?
5
Suppose 6*q - 3*q = 147. Suppose 13 = 4*m - 15. Calculate the highest common factor of q and m.
7
Let i = -330 + 340. What is the highest common factor of 8 and i?
2
Suppose 44 + 129 = 5*c + 2*o, -2*c - 4*o + 82 = 0. Let g = c - 20. Calculate the highest common divisor of g and 130.
13
Let z = 36 - 21. Let d = -12 + z. Suppose 0 = d*o - 105 + 30. Calculate the highest common factor of 200 and o.
25
Let v be 72*6/60*30/9. Calculate the highest common factor of 32 and v.
8
Let z = 3098 - 3085. Let u(y) = 5*y**3 - 2*y**2. Let q be u(3). Calculate the highest common factor of q and z.
13
Suppose 126 = 5*l - 4. Let m(c) = 2 - 4*c - 1 + 0 + c**2. Let x be m(6). Calculate the highest common factor of l and x.
13
Suppose 20*x - 1095 = -55. Calculate the greatest common factor of 234 and x.
26
Suppose -3*j + 60 = 4*q, 4*j - 3*q = -0*j + 80. Let n(x) = 13*x**2 + 32*x - 66. Let u be n(2). Calculate the highest common divisor of u and j.
10
Let u(a) = -2*a**3 - 13*a**2 - 9*a + 8. Suppose -3*h - 35 + 17 = 0. Let c be u(h). Calculate the highest common divisor of 39 and c.
13
Let d = 1992 - 1982. What is the greatest common divisor of d and 98?
2
Let j be ((-54)/(-6))/((-1)/5). Let a be ((-10)/25)/(1/j). Let k = a + 2. Calculate the greatest common divisor of 50 and k.
10
Suppose 7*d + 218 = 2*c, 2*d - 91 = -3*c + 186. Calculate the greatest common divisor of c and 494.
19
Suppose -102*z = -110*z + 208. Calculate the highest common factor of z and 182.
26
Let u = -25 + 9. Let p = 1 - u. Let k(v) = 5*v**2 + 2*v - 4. Let b be k(-4). Calculate the greatest common divisor of p and b.
17
Suppose 0 = 39*t - 16*t - 2576. Calculate the greatest common factor of 49 and t.
7
Suppose 20 = -26*m + 27*m. Calculate the highest common divisor of 28 and m.
4
Suppose 0 = -58*r + 67*r - 450. What is the highest common divisor of r and 400?
50
Let m = -12 + 14. Let g be 1*m*(-2)/4. Let y be (g - -3 - 32)*-1. What is the highest common factor of y and 75?
15
Let b = 110 - -187. What is the highest common divisor of b and 33?
33
Let u(i) = 2*i**2 + 102*i + 130. Let m be u(-50). Calculate the highest common factor of m and 90.
30
Suppose 7*o - 6*o - 4*u - 70 = 0, -u - 274 = -5*o. Suppose 4*v - 1017 = 603. Suppose -4*y + v = -y. Calculate the highest common divisor of o and y.
27
Let m = -243 - -475. Suppose -2*x 